pose -9*b + 5306 = 5*b. What is the tens digit of b?
7
Suppose 0 = -33*w + 16193 + 16081. What is the units digit of w?
8
Let o = -45 + 125. Suppose 0 = -4*n + 4*y + 31 + 17, 4*y - o = -4*n. Let c = n - 4. What is the units digit of c?
2
Let q(y) = -11*y + 126. What is the units digit of q(0)?
6
Let o be (-2)/13 + (-1100)/(-52). Let h(x) = x**2 - 8*x + 4. Let j be h(8). Suppose 0 = -j*n + 5*r + 163, o + 146 = 4*n - r. What is the units digit of n?
2
Suppose 6*k = 13*k - 8*k. Suppose 0*x + x - 332 = -3*u, -u + 5*x + 84 = k. What is the units digit of u?
9
Let h(d) = 1581*d**2 + d - 2. What is the units digit of h(-1)?
8
Let w = 11 - 6. Suppose 102 = w*c - 18. Suppose 72 = 2*p + c. What is the tens digit of p?
2
What is the hundreds digit of ((-714)/(-35))/(15/200) - -3?
2
Let w(j) be the third derivative of -j**4/4 - 11*j**3/6 + 20*j**2. What is the tens digit of w(-17)?
9
Let q(m) = -m**2 - 8*m - 4. Let v(u) = -2*u + 9. Let k be v(8). Let s be q(k). Suppose -4*d + 31 = -t + 4*t, s*t = 3. What is the units digit of d?
7
Suppose -12960 - 16056 = -8*m. What is the thousands digit of m?
3
Suppose -1049 = -2*t + m, -14*t + 12*t + 1055 = -3*m. What is the tens digit of t?
2
Suppose 623 = 4*h + 259. What is the tens digit of h?
9
Let i be 23/((9 - 4) + -4). Suppose -4 + i = n. Suppose -2*h + 75 = -n. What is the tens digit of h?
4
Suppose -976 = -2*s + 2*v - 4*v, 5*s - 5*v = 2460. What is the tens digit of s?
9
Let x(y) = -21*y - 18. Let h(q) = 10*q + 9. Let g(v) = -13*h(v) - 6*x(v). Let z be g(3). Let k = 4 - z. What is the tens digit of k?
2
Let w(k) = 3*k**2 - 1. Let l be w(1). Suppose 0 = c + 3, -l*g - 1 = -c - 12. Suppose -4*j = 3*z - 24, g*j = -z + j + 3. What is the tens digit of z?
1
Suppose -6*m = 620 - 236. Let v be (0 - 2) + 105*1. Let f = v + m. What is the tens digit of f?
3
Let r(k) = -11 + 7 + 0*k + 0*k - k + k**2. Let u be r(-4). Let x = u + -9. What is the units digit of x?
7
Let k(m) = -8*m**3 - 15*m**2 - 6. Let i(t) = 7*t**3 + 14*t**2 + t + 6. Let j(z) = 7*i(z) + 6*k(z). What is the tens digit of j(-5)?
4
Let l(c) = -1. Let f(a) = -4*a**2 - 37. Let y(z) = -f(z) + 6*l(z). What is the tens digit of y(8)?
8
Let d = -4471 + 6473. What is the hundreds digit of d?
0
Suppose 0 = -2*t + 19*r - 23*r + 1708, -3*r = -6. What is the tens digit of t?
5
Suppose 5*c - 140 = x, -6*c = -3*c - 2*x - 77. What is the tens digit of c?
2
Let u(g) = -g**3 - g**2 - 9. What is the units digit of u(-5)?
1
Suppose 0 = t - 2*z + 24, 69 = -4*t - 5*z - 27. What is the tens digit of 4/(-16) + (-774)/t?
3
Let s = -392 + 911. What is the tens digit of s?
1
Suppose 5*b + 2*c = 7, -1 = 3*c - 4. What is the units digit of (-1164)/(-15) + b/(5/2)?
8
Suppose -4*x + 25 = x. Suppose -3 = x*q + a, 0 = 2*q - 3*a - 7 - 2. Suppose q*u = -2*u + 28. What is the tens digit of u?
1
Let v be (-16)/((2 + -1)*-2). Suppose 4*a = -3*b + v, 0*b + 6 = b - 2*a. Suppose b*r = 70 + 70. What is the tens digit of r?
3
Suppose 2*i - 5702 + 1544 = -2*n, 5*n - 10389 = -3*i. What is the tens digit of n?
7
What is the tens digit of 507249/351 + (-2)/13?
4
Suppose -r + 5*s + 16 = 0, r = 3*r - 4*s - 14. Let n(k) = k - 2 + 25*k**2 - 1 + 2. What is the tens digit of n(r)?
2
Let j(a) be the third derivative of a**6/120 - a**5/6 + 7*a**4/12 + 4*a**3/3 - 5*a**2. What is the hundreds digit of j(10)?
1
Let s = -276 - -676. What is the hundreds digit of s?
4
Suppose -12*d = -0*d - 3612. What is the hundreds digit of d?
3
What is the hundreds digit of (-6)/(-8) + 5/20 + 644?
6
Let o = 39 + -81. Let v = o + 65. Suppose 0 = x - v - 26. What is the tens digit of x?
4
Suppose -7*z = 660 - 3705. What is the tens digit of z?
3
Let u(w) = w + 5. Let y be u(-10). Let d = y - -18. Suppose a + 3*v = 2 + 11, -a + d = v. What is the units digit of a?
3
Suppose 228 = b + 2*z, 5*z - 65 = 4*b - 925. Suppose 26*h + b = 31*h. What is the units digit of h?
4
Let f(q) = -2*q**2 + 12*q - 6. Let y be f(5). Suppose 2*a = 6*a + 2*w - 608, 4*a = y*w + 608. What is the units digit of a?
2
Suppose -4*f + 13 = -3. Suppose -3*g - 13 = -2*q, q = 5*q - f*g - 24. Suppose 5*x + 27 = 3*u, -q*x - 41 = 3*u - 7*u. What is the tens digit of u?
1
Suppose 4 = 4*d - 6*d, 3*y = 2*d + 682. What is the hundreds digit of y?
2
Suppose 5*n - 98 = 3*n. Let r = 123 - n. What is the tens digit of r?
7
Suppose 9*o - 10600 = 758. What is the tens digit of o?
6
Suppose 0 = 2*j + 2*t - 4*t + 2, 0 = 3*j - 5*t + 11. Suppose -2*p + j*d = -14, -3*d + 10 = p - 6*d. What is the units digit of p/1 + (0 - -3)?
7
Let t(a) = 6*a**3 + a**2 - a. Let m be t(1). Suppose -7*o = -m*o + 24. Let f = 10 - o. What is the units digit of f?
4
Let x(f) = -4*f**2 + 2 + 0*f**2 - 5*f - 4*f**2 - 2*f**3 + f**2. What is the units digit of x(-4)?
8
Let x(q) = q**3 + 7*q**2 - 2. Let d be x(-7). Let t be 2 - (3 - (-2)/d). Suppose 4*o - 10 - 50 = t. What is the tens digit of o?
1
Let z(t) = -2*t - 4. Let a be z(-4). Suppose -a*l + 2316 = -l. What is the units digit of 6/(-42) - l/(-14)?
5
Let f be (-3)/2 + 9/6. Suppose -t - b = -40 + 1, f = 2*t + 5*b - 75. What is the units digit of (t/5)/(2/13)?
2
Let v(f) = 7 - 11*f - 8*f - 1 + 6. Let p be v(8). Let u = -78 - p. What is the units digit of u?
2
Let r(c) = -18*c**3 - c**2 + 4*c + 5. Let z be -3*((-35)/15 - -3). What is the tens digit of r(z)?
3
Let z(x) = 27*x**3 + 2*x**2 + 3*x - 6. Let p be z(3). Suppose 2*n - 8*n = -p. What is the tens digit of n?
2
Suppose 8*u - 73 = 95. Let d = u + 186. What is the tens digit of d?
0
Suppose 0 = 2*i + 2*u - 58, 5*i = -0*i + 5*u + 125. Suppose p + i = l - 2*p, 4*l - 108 = 5*p. What is the units digit of l?
7
Let z = -10 + 16. Let w(q) = q - 8. Let h be w(8). Suppose h = 5*o - 4 - z. What is the units digit of o?
2
Let l be 1*(-1 - (3 - 4)). Suppose -2*r + 4*g = -0*g - 212, -3*r + 283 = g. Suppose l = -3*o - 3*p + r, -2*o + 3*p + 168 = 3*o. What is the tens digit of o?
3
Suppose 408 + 672 = 6*t. What is the tens digit of t?
8
Suppose -232*m - 41930 = -239*m. What is the hundreds digit of m?
9
Let g(f) = 2*f**3 - 12*f**2 + 3*f + 3. What is the tens digit of g(8)?
8
Suppose -4*t + 3843 + 7837 = 0. What is the hundreds digit of t?
9
Suppose 0 = 5*v - 26 - 4. What is the units digit of (-516)/(-4) - (v + -5)?
8
Let p be ((-34)/4 - 1)/((-41)/82). Let v be 14/3 - (-4)/(-6). Suppose v*k = 59 - p. What is the units digit of k?
0
Let a(z) = 48*z**2 - z + 2. Let r be a(-2). Suppose -r = -3*t - 37. Let s = t - -9. What is the units digit of s?
2
Let l(u) = -20*u - 18. Let r be l(-7). Let i = -73 + r. What is the tens digit of i?
4
Let q = 6163 + -1664. What is the units digit of q?
9
Let n = -17 + 33. Suppose 56 = 585*p - 599*p. Let g = n + p. What is the tens digit of g?
1
Let i be 3 + (-147 - 1)/((-2)/1). Let d = i + -47. What is the units digit of d?
0
Suppose 4*i = 30 - 6. Suppose 2*l = -l + i. Suppose -l*m + 24 = 2*j, 4*j - 5*m = 9 + 3. What is the units digit of j?
8
Suppose -2*v + 0 = -40. Suppose -4*i + v = i. Suppose -i*x = -2*h + x + 44, -5*h + 3*x + 110 = 0. What is the units digit of h?
2
Let v(t) be the third derivative of t**5/20 + t**4/3 + 7*t**3/3 + 21*t**2. What is the tens digit of v(-4)?
3
Let g = 11 - 12. Let l be 27/18*(-23 + g). What is the units digit of (-980)/l + 2/(-9)?
7
Let l be 44*3/(-4 - -1). Let w be (10/4)/((-2)/l). Suppose 0 = s - 2 - w. What is the units digit of s?
7
Let s(a) = 2*a + 19. Let c be s(-11). Let d be (6 + c - -3) + -3. Suppose d*u - 124 = -5*k, -4*u + 5*k + 220 = u. What is the units digit of u?
3
Suppose 119106 = 110*q - 299114. What is the thousands digit of q?
3
Suppose -4*j + 25 = -19. Suppose -m + i + j = 0, -3*m = -3*i - 2*i - 43. Suppose -r = -m*r + 150. What is the units digit of r?
0
Suppose 2*p + 4*w = 30, 7*w = 2*w + 25. Suppose 0 = j - 4*s - 70, 0*s - 236 = -4*j + p*s. What is the units digit of j?
4
Suppose -74 = -5*d - h, -4*d - 3*h + 27 = -2*d. Let l = d - 8. Let t = 10 - l. What is the units digit of t?
3
Suppose -5*b + 65 = -4*q, 5*b = -3*q + 98 - 33. What is the tens digit of (20/(-10))/((-1)/b)?
2
Let w be (-3)/(0 - 1/12). Let o be (6/9)/((-9)/(-81)). What is the units digit of 276/w - (-2)/o?
8
Suppose -10 = 2*h, -6*h + h - 13432 = -3*o. What is the units digit of o?
9
Suppose 3*q = 3*q + 3*q. Let g(h) = 2*h**2 - h + 90. What is the units digit